/10)/(3/20).
2
Suppose 4*z = 4*g + 148, -2*z + 0*z - 2*g = -74. Suppose -z = -3*l + 53. Suppose 0 = o + 2*o - l. List the prime factors of o.
2, 5
Let a(q) be the second derivative of -q**8/6720 - q**7/2520 - q**4/4 + q. Let l(g) be the third derivative of a(g). What are the prime factors of l(-2)?
2
Suppose 4*p = 8*p + 16. Let y = p + 6. List the prime factors of y.
2
Let m(h) = h**3 + 2*h**2 + h + 3. Let u be m(-3). Let q = 11 + u. List the prime factors of q.
2
Let p be 2*((0 - -3) + -2). Suppose -p*s + 19 + 89 = 0. What are the prime factors of s?
2, 3
Suppose 5*f = f + 40. Suppose 5*k + 30 = 5*t, 0 = -3*t + 4*k - 5*k + f. What are the prime factors of t?
2
Suppose -32*r - 1325 = -37*r. List the prime factors of r.
5, 53
Let k = -21 - -219. List the prime factors of (4/6)/(12/k).
11
Let o = 5 - 7. Let k = 2 + o. Suppose -5*a + 3 + 27 = k. What are the prime factors of a?
2, 3
Let m(n) = -n**3 - 3*n**2 + 3*n - 4. Let r be m(-4). List the prime factors of (0 - (2 + r)) + 33.
31
Let y(l) = l - 6. Let s(h) = h - 7. Let b(v) = -4*s(v) + 5*y(v). Let n be b(-3). Let m = -2 - n. What are the prime factors of m?
3
Let s(v) = -v + 8. Let b be s(6). Suppose b*f - 33 = -2*a + 1, -4*a + 54 = 3*f. List the prime factors of f.
2, 7
Let o(m) = -m**3 - 2*m**2 + m + 4. Let t be -2*(-3)/(-6) - 2. What are the prime factors of o(t)?
2, 5
Let x = -5 - -14. Suppose -5*s - g + 42 = 0, -3*s - g = x - 33. List the prime factors of s.
3
List the prime factors of 55 + (-2)/4*8.
3, 17
Let l(b) = -2*b - 2. Let h be l(-6). Suppose 7*i + 11 = 2*i + 2*v, 4*i = 2*v - h. What are the prime factors of 12 + 1 + i*2?
11
Suppose 5*g + 2*j - 143 = -18, 0 = -j + 5. What are the prime factors of g?
23
Suppose -3*o - 2*f + 14 = 3*f, -f + 4 = o. What are the prime factors of o/(12/40) + -1?
3
Suppose -3*v + 5*v = 132. What are the prime factors of v?
2, 3, 11
Let d = 80 + -23. List the prime factors of d.
3, 19
Let i(t) = 3*t - 7. Let f be i(6). Let p = f + -7. Suppose -5*q + p = -6. What are the prime factors of q?
2
List the prime factors of (9/1)/((-3)/(-2)).
2, 3
Suppose -5*q - 7 + 52 = 0. Suppose q*w = 5*w + 16. List the prime factors of w.
2
Let g(l) = l**2 + l + 1. Let o(v) = -5*v**2 + 7*v - 14. Let h(j) = -4*g(j) - o(j). Let c be (-4)/(-18) - 291/(-27). List the prime factors of h(c).
2, 5
Let h(j) = -j**3 - 6*j**2 + 3*j + 2. Let f be h(-6). Let x = -11 - f. What are the prime factors of x?
5
Let a be 3/((-3)/(-10)) - -2. Suppose -37 = -o - 5*f - 2, a = 3*f. List the prime factors of o - (3 + -2) - 0.
2, 7
Let r(g) = -6*g + 3. Let k be r(-4). Let z(o) = -o**2 - 2*o. Let v be z(-5). Let f = k + v. What are the prime factors of f?
2, 3
Let w be 2 - (2 + -2) - 5. Let b(d) be the second derivative of -d**3/6 + 3*d**2/2 + d. What are the prime factors of b(w)?
2, 3
Let x(a) be the third derivative of a**6/360 - a**5/30 + a**4/12 - 3*a**2. Let w(u) be the second derivative of x(u). What are the prime factors of w(7)?
2, 5
Suppose -60 = -0*s - 6*s. List the prime factors of s.
2, 5
Let r = 269 - 89. List the prime factors of r.
2, 3, 5
Suppose 89 = 4*x - 7. Suppose 4*b - x = 2*b. List the prime factors of b.
2, 3
Suppose -i = -0*i - 71. Suppose 2*s - t - 22 = s, 0 = 3*s - 4*t - i. What are the prime factors of s?
17
Let a = -12 + 22. Suppose 2*h - 62 - a = 0. What are the prime factors of h?
2, 3
Suppose -5*o + 19 = -591. List the prime factors of o.
2, 61
Let v be (-2)/9 - 4/(-18). Suppose v = 3*c + c - 272. Suppose 0 = -u + 5*u - c. What are the prime factors of u?
17
Let f(t) = -t**3 - 2*t**2 + 3*t + 7. List the prime factors of f(-4).
3
Let c(d) = -d**3 - 7*d**2 + 8*d - 2. Let r be c(-8). What are the prime factors of (-5)/r*-1*-10?
5
Suppose -g + 46 = -5*w, 5*g + 27 - 229 = -3*w. List the prime factors of g.
41
Suppose 4*d + 0*c = -c + 269, -278 = -4*d + 2*c. List the prime factors of d.
2, 17
Let n = 11 - -26. What are the prime factors of n?
37
Let g(k) = -k + 13. Let q be g(6). Suppose -l = -1 + q. Let f = l - -15. What are the prime factors of f?
3
Let a be 2 - (2 + -2 + 6). Let b(d) = -d + 1. What are the prime factors of b(a)?
5
Suppose 0 = 4*i + 8 - 20. What are the prime factors of i?
3
Let d = 43 - 10. What are the prime factors of d?
3, 11
Let x(n) = -n**2 + n - 15. Let i be x(0). Let d(c) = c**2 + 2*c - 3. Let f be d(-6). Let v = i + f. What are the prime factors of v?
2, 3
Let n(k) = k**3 + 5*k**2 - k. Let j(x) = -12*x + 6*x + 1 - 3*x**2 + 3 + x**3. Let z be j(4). What are the prime factors of n(z)?
2, 5
Let y(r) = 0*r - 1 + 2*r - 3*r**2 + r**3 - 3. Let w be (9 - 3)/(2 - 0). List the prime factors of y(w).
2
Suppose 2*c - 4*f - 19 = -47, 5*c - 2*f = -30. What are the prime factors of 357/33 - c/22?
11
Let n be (5/2)/(4/8). Suppose -4*x - 7 = -z, -4*x - 34 = -x + n*z. Let u(c) = -2*c + 4. List the prime factors of u(x).
2, 5
Let n be -5 + -16 + -1*2. Let c = n - -14. Let i(a) = -a**3 - 8*a**2 + 7*a - 6. List the prime factors of i(c).
2, 3
Let w = 7 - 3. Suppose u + 0*u = -w*l - 9, u + 12 = -5*l. List the prime factors of u.
3
Let l(b) = b + 6. Let g(v) = -v. Let c(s) = 6*g(s) + l(s). List the prime factors of c(-3).
3, 7
Suppose -j + 66 = 2*f - 160, 0 = -2*f + j + 218. List the prime factors of f.
3, 37
Suppose q = 5*q - 16. Let j(u) = 4*u. Let i be j(1). Suppose -g - 23 = 2*z - i*z, -g - 43 = -q*z. What are the prime factors of z?
2, 5
What are the prime factors of (-2 + 4)/((-12)/(-366))?
61
Suppose -4*a + y + 438 = a, -3*a + 260 = -2*y. List the prime factors of a.
2, 11
Suppose -p - 3*o - 6 - 3 = 0, -2*p + 37 = -5*o. Let h = 0 + p. What are the prime factors of h?
2, 3
Let o = 4 - 2. What are the prime factors of o?
2
Let c(x) be the third derivative of -x**6/120 + x**5/12 + 5*x**3/6 + 2*x**2. Let k be c(5). Suppose 10*j - k*j - 40 = 0. What are the prime factors of j?
2
Let c = -15 + 35. Suppose -5*m + c + 10 = 0. Suppose 5 = w - m. List the prime factors of w.
11
Let l(u) = 2*u**2 - 18*u + 12. List the prime factors of l(14).
2, 19
Suppose -2*l - 4*f + 306 = f, 2*l = -3*f + 310. List the prime factors of l.
2, 79
Suppose 2*m + 477 = 12*q - 7*q, 0 = q + 3*m - 109. List the prime factors of q.
97
Suppose 5*t + 37 = 2*h - 0*h, -4*t - 32 = -2*h. Let d = h + -13. Let l = 9 + d. List the prime factors of l.
2
Let h(o) = -o**3 + 2*o**2 + 2. Let p be h(2). Let w(i) = -i**3 + 4*i**2 - 4*i + 2. What are the prime factors of w(p)?
2
Suppose -3*t = 6, -6 = 2*f + 7*t - 3*t. Let a(n) = n + 1. Let o be a(f). List the prime factors of 2/o + (3 - -7).
11
Let t = -6 + 48. List the prime factors of t.
2, 3, 7
Suppose 3*b - 72 = 3*a, 3*b - a - 76 = -0*a. What are the prime factors of b?
2, 13
Suppose 0*t + 6*t + 126 = 0. Suppose 4*x + 4*s = 136, 3*x + 3*s - 71 = x. Let j = t + x. List the prime factors of j.
2, 5
Let d = 87 - 42. What are the prime factors of d?
3, 5
Suppose 270 = 5*p + n, -3*p = -2*p - 3*n - 38. List the prime factors of p.
53
Let y = 108 + 47. List the prime factors of y.
5, 31
Let f = -13 - -19. Suppose -2*x = 3*x. Let n = x + f. What are the prime factors of n?
2, 3
Let r(g) = -3*g - 10. Let m(l) = -l**3 - 5*l**2 - 3*l + 2. Let y be m(-3). List the prime factors of r(y).
11
Let h = 1 + 3. Suppose -h*f + 30 = -2*f. List the prime factors of f.
3, 5
Suppose -2*x - 3*x + 370 = 0. Suppose 0*s = 5*s + 4*a - x, 2*s - 5*a = 56. What are the prime factors of s?
2, 3
Let r(m) = 5*m + 2*m - 9*m + 11. List the prime factors of r(-6).
23
Suppose 96 = 3*x - 3*t, -6 = -x - 4*t + 26. List the prime factors of x.
2
Suppose 0*n - 63 = -2*q + 5*n, -4*n - 84 = -3*q. What are the prime factors of q?
2, 3
Let z = 17 + -9. Suppose 0 = -2*t + z + 22. What are the prime factors of t?
3, 5
Let r(u) = u**2 - 5*u + 8. List the prime factors of r(6).
2, 7
Suppose -j + 6*j = -10. What are the prime factors of 103/8 - j/16?
13
Let w be (0/(-3))/3 + 2. Suppose -4*t + 3*h = -h - 28, -w*h - 4 = 0. Suppose 5 + t = 5*j. List the prime factors of j.
2
Let j = 33 + 97. What are the prime factors of j?
2, 5, 13
What are the prime factors of (1 - 1) + 162/9?
2, 3
Suppose -c + 27 = -25. What are the prime factors of c?
2, 13
Suppose 0*f + 390 = -3*n - 3*f, 3*n - 4*f = -362. Let j = n + 42. List the prime factors of j/(-9) + 1/(-3).
3
Suppose 6 = 2*h - i, 6 = 2*h - i - 2*i. Suppose -h*l - t =